False
Is 48633797 a prime number?
True
Is 1942519 prime?
True
Is 15570638 composite?
True
Is 200771 a prime number?
True
Is 251231009 composite?
False
Is 58151113 a composite number?
False
Is 194300621 composite?
False
Is 19813 prime?
True
Is 9578617 a prime number?
True
Is 8591809 a prime number?
True
Is 365969 a prime number?
True
Is 1314659 a prime number?
True
Is 1492211 a prime number?
False
Is 8827579 prime?
True
Is 213369019 a prime number?
True
Is 111820277 composite?
False
Is 1436507 a composite number?
False
Is 2587945 a composite number?
True
Is 21134933 a prime number?
False
Is 1208171 a composite number?
True
Is 113345983 composite?
False
Is 663407 prime?
True
Is 51752587 a prime number?
True
Is 4906834 composite?
True
Is 26897551 a prime number?
True
Is 41781827 composite?
False
Is 39936769 prime?
True
Is 236323 a prime number?
True
Is 4140173 a composite number?
False
Is 4748153 prime?
True
Is 26302057 a prime number?
True
Is 9947411 prime?
False
Is 6990083 a prime number?
False
Is 16957469 composite?
True
Is 17579621 composite?
False
Is 5255885 composite?
True
Is 3928893 a composite number?
True
Is 2707320529 composite?
False
Is 106144813 composite?
False
Is 28260286 prime?
False
Is 18853057 prime?
True
Is 744071 a prime number?
True
Is 820735 a prime number?
False
Is 7254389 a composite number?
False
Is 22602907 a prime number?
False
Is 6997817 composite?
False
Is 11920931 a prime number?
False
Is 1154711 prime?
False
Is 489529009 composite?
False
Is 52979 a prime number?
False
Is 7281331 prime?
False
Is 4357349 a composite number?
False
Is 7380097 a composite number?
True
Is 57195473 prime?
True
Is 2871521 composite?
True
Is 1580407 a prime number?
False
Is 145530631 prime?
True
Is 6788077 a prime number?
False
Is 30497497 composite?
False
Is 3795931 a prime number?
True
Is 12868211 prime?
True
Is 76289623 prime?
True
Is 332496553 a composite number?
False
Is 16494869 prime?
False
Is 2953697 a prime number?
True
Is 42513563 a prime number?
True
Is 1887283 prime?
True
Is 2390131 a prime number?
False
Is 9511927 a prime number?
True
Is 585239 a composite number?
True
Is 24430949 prime?
True
Is 1342639 prime?
False
Is 4305881 a prime number?
True
Is 44571413 composite?
True
Is 4247597 a composite number?
False
Is 103782122 a prime number?
False
Is 182939027 a prime number?
True
Is 673577399 prime?
False
Is 2355695477 composite?
False
Is 18979123 composite?
True
Is 612539 composite?
True
Is 435896785 composite?
True
Is 13122055 composite?
True
Is 42094423 composite?
True
Is 165101801 composite?
False
Is 6110461 composite?
True
Is 2337967 prime?
True
Is 6474389 a prime number?
True
Is 2698061 a prime number?
False
Is 53376979 a prime number?
True
Is 6626227 composite?
False
Is 96912229 composite?
True
Is 4739681 a prime number?
False
Is 378117637 composite?
True
Is 2007727 composite?
True
Is 2795369 a composite number?
True
Is 646739 prime?
False
Is 16597909 a prime number?
False
Is 30761623 prime?
True
Is 887791 a prime number?
False
Is 2154629 prime?
True
Is 3055981 a prime number?
False
Is 25487219 prime?
False
Is 1574065 composite?
True
Is 4116617 prime?
True
Is 689489 a composite number?
True
Is 72289214 prime?
False
Is 16853771 a composite number?
True
Is 39020473 composite?
True
Is 19120757 a prime number?
False
Is 13684819 a prime number?
False
Is 319811 a prime number?
True
Is 2964601 composite?
False
Is 100843 composite?
True
Is 7122557 a composite number?
True
Is 14150593 a composite number?
True
Is 194028401 composite?
True
Is 42415393 a prime number?
False
Is 22894037 a prime number?
False
Is 5105803 prime?
False
Is 221633 composite?
True
Is 8194537 a composite number?
True
Is 278862665 composite?
True
Is 204233 a prime number?
True
Is 8499353 prime?
False
Is 113695 prime?
False
Is 10784611 a prime number?
True
Is 195760447 a prime number?
False
Is 2062843 prime?
True
Is 3657263 composite?
True
Is 35918511 composite?
True
Is 275069 a prime number?
False
Is 250919 a composite number?
False
Is 6950081 a prime number?
True
Is 250412449 composite?
True
Is 4477691 a prime number?
True
Is 4901401 composite?
False
Is 165101 a prime number?
False
Is 852457 prime?
True
Is 154489339 a prime number?
True
Is 16231773 a composite number?
True
Is 15542987 composite?
False
Is 665922727 prime?
True
Is 7947713 prime?
False
Is 60652069 a prime number?
False
Is 1394177 a prime number?
True
Is 5038753 a composite number?
False
Is 715789 composite?
False
Is 308209769 a prime number?
False
Is 321379391 composite?
True
Is 33310873 a composite number?
False
Is 526367 a composite number?
False
Is 212946883 a composite number?
False
Is 3641017 a composite number?
True
Is 563297599 prime?
False
Is 396146939 prime?
True
Is 1228603 composite?
False
Is 25995733 a prime number?
False
Is 2670159 prime?
False
Is 1504862573 a composite number?
False
Is 5103863 prime?
True
Is 574907 a composite number?
False
Is 1447319 composite?
True
Is 275550185 prime?
False
Is 14288333 a composite number?
False
Is 11980447 a prime number?
False
Is 1317781 composite?
True
Is 4305037 prime?
False
Is 1890467 a prime number?
True
Is 32065219 a prime number?
False
Is 179950081 a composite number?
False
Is 179197877 prime?
False
Is 23622227 a prime number?
True
Is 64642529 a composite number?
True
Is 9000799 prime?
False
Is 208066783 prime?
True
Is 1995517 a composite number?
False
Is 8810887 prime?
False
Is 39448001 a prime number?
False
Is 50189567 composite?
False
Is 3005213 a prime number?
True
Is 3389797 a prime number?
True
Is 514381 composite?
True
Is 3095223 a composite number?
True
Is 34673131 composite?
True
Is 41710199 a composite number?
True
Is 171494327 composite?
True
Is 556157059 composite?
False
Is 265804219 prime?
True
Is 11558291 a composite number?
False
Is 142726831 prime?
False
Is 11290073 composite?
False
Is 5148793 composite?
True
Is 2739707 prime?
True
Is 3691673 a composite number?
False
Is 535577 a composite number?
True
Is 11776627 composite?
False
Is 44398657 prime?
True
Is 71116559 a prime number?
False
Is 8467843 prime?
True
Is 824282815 a composite number?
True
Is 96643 composite?
False
Is 12594661 composite?
False
Is 35147 a prime number?
False
Is 84690895 a composite number?
True
Is 94770877 a prime number?
True
Is 405592553 a composite number?
True
Is 2872669 prime?
True
Is 2653519 a composite number?
True
Is 4490489 prime?
False
Is 48728131 prime?
False
Is 10122001 a composite number?
True
Is 1397705 composite?
True
Is 43410937 a composite number?
False
Is 3507313 a composite number?
False
Is 10460915 a prime number?
False
Is 855871 prime?
False
Is 361139923 composite?
False
Is 198932417 prime?
True
Is 95053397 a prime number?
True
Is 336473 composite?
True
Is 1054645309 prime?
False
Is 22033391 prime?
True
Is 338909 a composite number?
False
Is 292133 a composite number?
False
Is 23719 a prime number?
True
Is 9458731 composite?
True
Is 53038639 a prime number?
False
Is 56122853 a prime number?
True
Is 36351571 prime?
False
Is 3374222 a prime number?
False
Is 12143827 prime?
False
Is 465235 prime?
False
Is 768727 composite?
False
Is 12457127 a prime number?
True
Is 28084423 a composite number?
False
Is 481823 prime?
False
Is 5722859 prime?
True
Is 661849 composite?
False
Is 13945991 prime?
True
Is 59946613 a prime number?
False
Is 7470367 prime?
True
Is 449851 prime?
True
Is 2898899 prime?
False
Is 406436297 a prime number?
False
Is 11970829 composite?
True
Is 2037874 a composite number?
True
Is 14758166 a prime number?
False
Is 398923 a prime number?
False
Is 801859 a prime number?
True
Is 5281651 prime?
False
Is 215130313 composite?
True
Is 120857941 a composite number?
False
Is 1679213 prime?
True
Is 109176757 prime?
True
Is 337583 composite?
False
Is 607955321 a prime number?
False
Is 14516713 composite?
False
Is 2178719 prime?
True
Is 269910197 prime?
False
Is 188592409 a prime number?
False
Is 116861483 a prime number?
True
Is 164434469 a composite number?
True
Is 487979 prime?
True
Is 2461139 a prime number?
True
Is 46492913 a composite number?
True
Is 1307593 prime?
False
Is 346498 prime?
False
Is 979903 a composite number?
True
Is 33827077 a composite number?
False
Is 1285385 composite?
True
Is 641681 a prime number?
True
